 s = y + d. List the prime factors of s.
13
Suppose 5*x = k + 758, 3*x = -2*x - 3*k + 746. Suppose -105 - x = -4*b. Suppose -s + 5*q + b = 18, 5*s + 2*q = 122. List the prime factors of s.
2, 13
Suppose 2*f = -5*m + 132 + 107, m = f + 52. What are the prime factors of m?
7
Let w(m) = -m**3 - 4*m**2 + 3*m + 6. Let i be w(-5). Let s = -14 + i. Suppose -2*z - s*z = -v + 48, 5*z - 21 = -v. What are the prime factors of v?
2, 3
Let s(q) be the first derivative of -9*q**2/2 + q - 1. Suppose 2 = -z - d, -5*z - 18 = -4*d + d. List the prime factors of s(z).
2, 7
Let n(j) be the third derivative of -5*j**4/24 - 9*j**2. Suppose -4*c + 7*s - 2*s - 28 = 0, s + 2 = -3*c. What are the prime factors of n(c)?
2, 5
Let y(t) = -4*t + 29. Let n be y(7). List the prime factors of (n/2)/((-5)/(-590)).
59
Suppose 130 = -18*k + 23*k. Let d = 50 - k. What are the prime factors of d?
2, 3
Suppose 0 = -3*u - 2 - 13, 0 = 5*t - 4*u - 30. Let p = 10 - t. What are the prime factors of p?
2
Let l(i) = -10*i - 12. Let t(f) be the third derivative of -29*f**4/24 - 35*f**3/6 - 4*f**2. Let h(q) = -8*l(q) + 3*t(q). What are the prime factors of h(-5)?
2, 13
Let c = 3 + 8. Suppose 7*p - c = 6*p. Let o = p - -4. What are the prime factors of o?
3, 5
Let q = 426 - 236. Suppose -p = -4*p + 405. Let b = q - p. List the prime factors of b.
5, 11
Let a(y) be the first derivative of 4*y**3/3 + 3*y**2/2 + 5*y - 2. Suppose 8*s - 12*s = -12. What are the prime factors of a(s)?
2, 5
Suppose 16*s - 17*s = 1. What are the prime factors of (2/(-1) - s) + -1 + 61?
59
Suppose 3*l + 5*y = 22, -y + 12 + 6 = 4*l. Suppose -j = l*j - 485. Suppose -2*a + 77 = -3*t, -2*a + j = 5*t - 4*t. What are the prime factors of a?
2, 23
Suppose 12*y - 42966 = -19*y. List the prime factors of y.
2, 3, 7, 11
Let n = -52 - -1786. What are the prime factors of n?
2, 3, 17
Let p(c) = -4*c + 7*c**2 - 23 - c**3 + 12 + 10. List the prime factors of p(5).
29
Let y = -76 - -399. Suppose 0*s - 3*s - 2*z = -y, s = -3*z + 103. What are the prime factors of s?
109
Suppose -2*w = 4*j - 1810, 8*j - 6*j - 903 = w. What are the prime factors of (24/7)/(-4 + j/112)?
2, 3
Let y(g) = g**3 - 22*g**2 - 6*g + 16. Let o be y(21). Let h = o - -787. List the prime factors of h.
2, 59
Let l = 24 + -43. Let r(h) = h**2 + 16*h + 24. Let g be r(l). Suppose -5*o + g = -34. List the prime factors of o.
23
Suppose -5*l + 0*g - g + 8 = 0, 4*g = -4*l. Suppose 2*p - 230 = 3*y, -3*p = -4*p - l*y + 129. What are the prime factors of p?
11
Let f(c) = 4*c**3 + c**2 - 9*c - 7. Let x be f(5). Suppose -o - 10*o = -x. What are the prime factors of o?
43
Let q be 21/12 + (-2)/(-8). Let y be q + 0 + 0 + 15. What are the prime factors of (y + 1)*3 + -4?
2, 5
Let b(t) = 3*t - 25. Let o be b(7). What are the prime factors of 2233/14 - (2/o - 1)?
7, 23
Let b = -12 - -17. Let c(p) = 4*p**2 + 14*p. Let l(g) = -4*g**2 - 15*g. Let m(h) = b*c(h) + 4*l(h). List the prime factors of m(-4).
2, 3
Let b(m) = 13*m - m**2 + 2*m**2 - 3 - 5 + m**2. What are the prime factors of b(-14)?
2, 101
Let t(h) = h**3 + 28*h**2 - 5*h + 2. What are the prime factors of t(8)?
2, 11, 103
Suppose 4*x - 3*x + 12 = 0. Let h = x + 37. List the prime factors of h.
5
Let q be 62/10 - (-3)/(-15). Let w be (-2)/q*(-525)/7. Let h = 43 - w. What are the prime factors of h?
2, 3
Let v(k) = -k + 44. List the prime factors of v(-30).
2, 37
Suppose 28*n - 5864 + 320 = 0. What are the prime factors of n?
2, 3, 11
Let v(p) = -106*p + 70. What are the prime factors of v(-8)?
2, 3, 17
What are the prime factors of -1 + 0 + 306 + 48/8?
311
Let b(p) be the second derivative of -7*p**3/6 + 2*p**2 - p. Let k = 20 - 22. List the prime factors of b(k).
2, 3
Let b(r) = 519*r**2 - 17*r - 1. List the prime factors of b(-2).
3, 19, 37
Let k = -451 + 484. What are the prime factors of k?
3, 11
List the prime factors of (-68)/((-3)/(-12)*-2).
2, 17
Suppose -b + 7 = 4. Let p = b + -2. What are the prime factors of 21 + (7 + p)/4?
23
Let s = -17 + 19. Let l be 6 + -8 + (s - -2). Suppose 0*d = l*d - o - 31, 4*o + 4 = 0. What are the prime factors of d?
3, 5
Let g(x) = 4*x**3 - 3*x**2 + 3*x - 7. Let h(f) = 2*f**2 + 28*f + 3. Let k be h(-14). What are the prime factors of g(k)?
83
Let p(t) = 4 + 12*t - 14 + 14*t + 4*t. List the prime factors of p(1).
2, 5
Let q(b) = 4*b + 13. Let z(m) = -m. Let p(s) = -q(s) - 5*z(s). Let u be p(17). Let t(l) = 2*l**3 - 3*l**2 - 5*l - 3. List the prime factors of t(u).
3, 19
Suppose -4*q - 6 = -5*c + 15, -2*c - 14 = 4*q. Let n be 45/5 - 3/c. Suppose -2*k - 48 = -n*k. List the prime factors of k.
2, 3
Let z be 2*(-10)/(-15) - (-2)/3. Suppose -z*w - n + 258 = 0, w + 385 = 4*w + n. What are the prime factors of w?
127
Suppose -2*f = -2*x + 12, -4*x + 5*f - 2 = -7*x. What are the prime factors of -3*x/12 - -28?
3
Suppose 28 = 5*h + 2*o, 3*o = 7*o - 16. Suppose -h*p + 519 = 5*j, -7*p + 2*p - 3*j = -652. List the prime factors of p.
131
Let h(f) = f**2 + 9. Suppose -3*z = -6*z + 30. Let k = z - 10. What are the prime factors of h(k)?
3
Let s(z) = 2*z. Suppose -2*d = -8 - 0. Let p(n) = n**3 - 3*n**2 - 3*n - 3. Let o be p(d). What are the prime factors of s(o)?
2
Let x be 3 + (-1480)/60*(-66)/4. Let o = x + -248. List the prime factors of o.
2, 3
Let z = -41 - -57. Suppose -2*q + 130 = -z. Suppose -4*r + 261 = q. What are the prime factors of r?
47
Suppose 0 = -3*y + 2*y. Suppose y = -2*u + 14 - 8. Suppose 0 = u*i - 3*o - 33, -2*i + 29 + 1 = 2*o. List the prime factors of i.
13
Suppose -3*k - 21 = -8*k + 2*b, 3 = 3*k + 2*b. Suppose j = k*i - j - 17, -4 = j. Suppose o - i = 34. List the prime factors of o.
37
Suppose -3*o = 4*g - 8, 2*o - 2 = -3*g + 5. Suppose -2*n + 15 = -d, -4*d + 6 = g*n + 1. What are the prime factors of n?
5
Let b(d) = -d**3 + 14*d**2 + 14*d + 10. Let z be b(15). Let m(p) = -p**3 - 4*p**2 + 9. List the prime factors of m(z).
2, 17
Suppose 0 = -7*r + 15*r - 40. Suppose -r*y = -3*w - 310, y = 3*y - w - 124. List the prime factors of y.
2, 31
Let s = -3 + 3. Suppose s*q - 2*q + 70 = 2*f, 3*f = -3. Let d = q + -10. What are the prime factors of d?
2, 13
Suppose -2*r + 5*r = -5*i + 139, i = -2*r + 102. Suppose -r*d = -50*d - 180. What are the prime factors of d?
2, 3, 5
Let p = -13 - -15. Suppose -2*a - 86 = -2*y, -p*y - 2*a + 222 = 3*y. Suppose -2 = 3*v - y. List the prime factors of v.
2, 7
Let j be -5*(-76)/(-12)*-3. Suppose 0 = 4*s - 20, 3*s = -5*d + 435 - j. What are the prime factors of d?
5, 13
List the prime factors of (-9)/108*-4 + (-1374)/(-9).
3, 17
Suppose -8*q + 4*q = -28. Suppose -q = -0*t + t. What are the prime factors of (-15)/(-9)*(2 - t)?
3, 5
Let i be 4 + 0/2 + 4. List the prime factors of 3 + (1/2)/(i/432).
2, 3, 5
Let b(l) = l**2 + 2*l - 11. Let c = 56 + -65. List the prime factors of b(c).
2, 13
Let p = 62 - 12. Suppose -r + p = 2*h - 80, -3*r = h - 60. What are the prime factors of h?
2, 3, 11
Suppose k - 15*k = -56. Suppose 3*r = 3*i + 420, 2*i - i - 555 = -k*r. What are the prime factors of r?
139
Suppose -530 - 274 = -4*b. List the prime factors of b.
3, 67
Let p = -12 - -11. Let l = p + 14. Suppose d - l = 11. What are the prime factors of d?
2, 3
Suppose -3*j - m = -373, j + 3*m - 494 = -3*j. Let q = -45 + j. Suppose q + 28 = 3*w. List the prime factors of w.
2, 3
Suppose 0 = 3*u + 4*o - 52, -3*u - 4*o = -6*u + 44. What are the prime factors of 328/6 + u/12?
2, 7
Let b be 1 + 1 + 1 - 5. Let x be (6/b)/1*-6. Let g = x - 10. What are the prime factors of g?
2
Suppose -o = -3*o + 368. Let s = o + -53. What are the prime factors of s?
131
Let t(w) = w**3 + 49*w**2 + 104*w - 134. List the prime factors of t(-46).
2, 5, 11, 13
Let j = -185 + 265. Suppose -4*p - j = -4*h - 2*p, 0 = 4*p - 8. What are the prime factors of h?
3, 7
Let o be 3 + 4/(8/(-4)). Let v(u) = -o + u - 1 + 0. What are the prime factors of v(13)?
11
Let b = 6 + -14. What are the prime factors of (-1578)/(-30) - b/20?
53
Let i(f) = 8*f - 38. Let y be i(5). Suppose -y*w = 2*p - 110 - 290, 0 = -3*w + 6. List the prime factors of p.
2, 3, 11
Let s = 12 + -7. Suppose -10*i + 40 = -s*i. Suppose -2*n + i = -2. What are the prime factors of n?
5
Let t be (-2 - 5)/((-4)/8). Suppose -3*i = -3*g + t - 68, -i + 24 = -4*g. Suppose -2*a - 2*v + 14 = 2*v, 2*a = -5*v + i. What are the prime factors of a?